{"id":48,"date":"2018-07-29T12:33:13","date_gmt":"2018-07-29T10:33:13","guid":{"rendered":"https:\/\/sancdz.com\/jdn\/?page_id=48"},"modified":"2020-05-19T13:44:17","modified_gmt":"2020-05-19T11:44:17","slug":"accueil","status":"publish","type":"page","link":"https:\/\/sancdz.com\/jdn\/","title":{"rendered":"Accueil"},"content":{"rendered":"<p>[vc_row][vc_column width=\u00a0\u00bb2\/3&Prime; alignment=\u00a0\u00bbjustify\u00a0\u00bb][lvca_heading style=\u00a0\u00bbstyle3&Prime; heading=\u00a0\u00bbMot du r\u00e9dacteur en chef\u00a0\u00bb][vc_column_text]<\/p>\n<div align=\"justify\"><span class=\"ws8\" style=\"color: #616161; font-family: Tahoma;\">D\u00e9j\u00e0 treize ann\u00e9es depuis l\u2019\u00e9dition du num\u00e9ro 00 de la revue \u00ab Journal de Neurochirurgie \u00bb, sa parution a \u00e9t\u00e9 continue deux fois par ann\u00e9es sans interruption.<\/span><\/div>\n<div align=\"justify\"><span class=\"ws8\" style=\"color: #616161; font-family: Tahoma;\">La p\u00e9rennit\u00e9 a \u00e9t\u00e9 possible gr\u00e2ce \u00e0 la hargne et l\u2019abn\u00e9gation du professeur Benbouzid, toute la communaut\u00e9 neurochirurgicale et m\u00e9dicale le remercie.<\/span><\/div>\n<div align=\"justify\"><span class=\"ws8\" style=\"color: #616161; font-family: Tahoma;\">\u00a0<\/span><\/div>\n<div align=\"justify\"><span class=\"ws8\" style=\"color: #616161; font-family: Tahoma;\">Les vingt cinq num\u00e9ros \u00e9dit\u00e9s jusqu\u2019 \u00e0 maintenant ont vu le jour aussi, gr\u00e2ce \u00e0 tous les confr\u00e8res qui ont fait l\u2019effort d\u2019\u00e9crire, \u00e9crire est une habitude que chacun de nous\u00a0 doit apprendre \u00e0 r\u00e9aliser \u00e0 chaque fois qu\u2019il est en face d\u2019un cas rare,<\/span><\/div>\n<p>[\/vc_column_text][\/vc_column][vc_column width=\u00a0\u00bb1\/3&Prime;][vc_single_image image=\u00a0\u00bb56&Prime; img_size=\u00a0\u00bbfull\u00a0\u00bb alignment=\u00a0\u00bbcenter\u00a0\u00bb][\/vc_column][\/vc_row][vc_row][vc_column alignment=\u00a0\u00bbjustify\u00a0\u00bb][vc_column_text]<\/p>\n<div align=\"center\">\n<div style=\"text-align: left;\"><span class=\"ws8\" style=\"color: #616161; font-family: Tahoma;\">A chaque fois qu\u2019il r\u00e9alise une s\u00e9rie de pathologie int\u00e9ressante, \u00e0 chaque fois qu\u2019une technique nouvelle est introduite dans notre pays et j\u2019en passe parce que ce n\u2019est pas les sujets qui manquent.<\/span><\/div>\n<div align=\"justify\"><span class=\"ws8\" style=\"color: #616161; font-family: Tahoma;\">\u00a0<\/span><\/div>\n<div align=\"justify\"><span class=\"ws8\" style=\"color: #616161; font-family: Tahoma;\">Notre objectif en tant que comit\u00e9 de r\u00e9daction est la continuit\u00e9, mais aussi d\u2019augmenter le nombre de revues \u00e9dit\u00e9s par ann\u00e9es \u00e0 quatre, le but est son indexation, cette derni\u00e8re ne se r\u00e9alisera qu\u2019avec la production continue des articles de votre part.<\/span><\/div>\n<div align=\"justify\"><span class=\"ws8\" style=\"color: #616161; font-family: Tahoma;\">\u00a0<\/span><\/div>\n<div align=\"justify\"><span class=\"ws8\" style=\"color: #616161; font-family: Tahoma;\">Des changements progressifs vont \u00eatre r\u00e9alis\u00e9s, \u00e0 commencer par le recueil des articles online sur le site de la soci\u00e9t\u00e9 alg\u00e9rienne de neurochirurgie. Un portail sera mis \u00e0 votre disposition.<\/span><\/div>\n<div align=\"justify\"><span class=\"ws8\" style=\"color: #616161; font-family: Tahoma;\">\u00a0<\/span><\/div>\n<div align=\"justify\"><span class=\"ws8\" style=\"color: #616161; font-family: Tahoma;\">Notre objectif \u00e0 moyen terme est l\u2019\u00e9dition une fois par ann\u00e9e d\u2019un num\u00e9ro d\u00e9di\u00e9 \u00e0 un th\u00e8me concernant une pathologie ou une technique neurochirurgicale.<\/span><\/div>\n<div align=\"justify\"><span class=\"ws8\" style=\"color: #616161; font-family: Tahoma;\">\u00a0<\/span><\/div>\n<div align=\"justify\"><span class=\"ws8\" style=\"color: #616161; font-family: Tahoma;\">Votre implication par l\u2019envoi d\u2019articles est plus que n\u00e9cessaire pour la survie et l\u2019am\u00e9lioration de notre revue, elle est votre \u00e9manation.<\/span><\/div>\n<div align=\"justify\"><span class=\"ws8\" style=\"color: #616161; font-family: Tahoma;\">\u00a0<\/span><\/div>\n<div align=\"justify\"><span class=\"ws8\" style=\"color: #616161; font-family: Tahoma;\">Je vous remercie au nom du comit\u00e9 de r\u00e9daction et vous souhaite la bienvenue dans ce nouveau site.<\/span><\/div>\n<div align=\"justify\"><span class=\"ws8\" style=\"color: #616161; font-family: Tahoma;\">\u00a0<\/span><\/div>\n<div align=\"justify\"><span class=\"ws8\" style=\"color: #616161; font-family: Tahoma;\">Le r\u00e9dacteur en chef de la revue \u00ab Journal de Neurochirurgie \u00bb<\/span><\/div>\n<div align=\"justify\"><span class=\"ws8\" style=\"color: #616161; font-family: Tahoma;\">\u00a0<\/span><\/div>\n<div align=\"justify\"><span class=\"ws8\" style=\"color: #616161; font-family: Tahoma;\">Pr A. MORSLI<\/span><\/div>\n<\/div>\n<p>[\/vc_column_text][\/vc_column][\/vc_row][vc_row][vc_column][vc_column_text]<img loading=\"lazy\" decoding=\"async\" class=\"size-full wp-image-57 aligncenter\" src=\"https:\/\/sancdz.com\/jdn\/wp-content\/uploads\/sites\/2\/2018\/07\/sub_foto01-03.jpg\" alt=\"\" width=\"86\" height=\"71\" \/><\/p>\n<div style=\"text-align: center;\" align=\"center\"><span class=\"ws8\" style=\"color: #616161; font-family: Tahoma;\"><b>Les membres du comit\u00e9 de r\u00e9daction<\/b><\/span><\/div>\n<div style=\"text-align: center;\"><span class=\"ws8\" style=\"color: #616161; font-family: Tahoma;\">\u00a0<\/span><\/div>\n<div style=\"text-align: center;\"><span class=\"ws8\" style=\"color: #616161; font-family: Tahoma;\">\u00a0<\/span><\/div>\n<div style=\"text-align: center;\"><span class=\"ws8\" style=\"color: #616161; font-family: Tahoma;\"><b>R\u00e9dacteur en chef<\/b><\/span><span class=\"ws8\" style=\"color: #616161; font-family: Tahoma;\">\u00a0: <\/span><\/div>\n<div style=\"text-align: center;\"><span class=\"ws8\" style=\"color: #616161; font-family: Tahoma;\">Professeur Abdelhalim MORSLI.<\/span><\/div>\n<div style=\"text-align: center;\"><span class=\"ws8\" style=\"color: #616161; font-family: Tahoma;\">\u00a0<\/span><\/div>\n<div style=\"text-align: center;\"><span class=\"ws8\" style=\"color: #616161; font-family: Tahoma;\"><b>Comit\u00e9 de r\u00e9daction<\/b><\/span><span class=\"ws8\" style=\"color: #616161; font-family: Tahoma;\">\u00a0:<\/span><span class=\"ws8\" style=\"color: #616161; font-family: Tahoma;\">\u00a0<\/span><\/div>\n<div style=\"text-align: center;\"><span class=\"ws8\" style=\"color: #616161; font-family: Tahoma;\">Docteur Loucif HOUARI<\/span><\/div>\n<div style=\"text-align: center;\"><span class=\"ws8\" style=\"color: #616161; font-family: Tahoma;\">Docteur Nabila TIGHILT<\/span><\/div>\n<div><\/div>\n<div><\/div>\n<div>\n<div style=\"text-align: center;\"><span class=\"ws8\" style=\"color: #616161; font-family: Tahoma;\"><b>Comit\u00e9 scientifique<\/b><\/span><span class=\"ws8\" style=\"color: #616161; font-family: Tahoma;\">\u00a0:<\/span><\/div>\n<div style=\"text-align: center;\">\n<div style=\"text-align: center;\">\n<div style=\"text-align: center;\"><span class=\"ws8\" style=\"color: #616161; font-family: Tahoma;\">Pr. S. TLIBA<\/span><\/div>\n<div style=\"text-align: center;\"><span class=\"ws8\" style=\"color: #616161; font-family: Tahoma;\">Dr. B. TURAK<\/span><\/div>\n<div style=\"text-align: center;\"><span class=\"ws8\" style=\"color: #616161; font-family: Tahoma;\">Pr. A. ALAZHARI<\/span><\/div>\n<div style=\"text-align: center;\"><span class=\"ws8\" style=\"color: #616161; font-family: Tahoma;\">Pr. M. SI SABER<\/span><\/div>\n<div style=\"text-align: center;\"><span class=\"ws8\" style=\"color: #616161; font-family: Tahoma;\">Pr. S. BAKHTI<\/span><\/div>\n<div style=\"text-align: center;\"><span class=\"ws8\" style=\"color: #616161; font-family: Tahoma;\">Pr. K. BOUAITA<\/span><\/div>\n<div style=\"text-align: center;\"><span class=\"ws8\" style=\"color: #616161; font-family: Tahoma;\">Pr. L. BOUBLATA<\/span><\/div>\n<div style=\"text-align: center;\"><span class=\"ws8\" style=\"color: #616161; font-family: Tahoma;\">Dr. L. HOUARI<\/span><\/div>\n<\/div>\n<\/div>\n<\/div>\n<p>[\/vc_column_text][vc_separator][lvca_heading style=\u00a0\u00bbstyle3&Prime; heading=\u00a0\u00bbDerni\u00e8res \u00e9ditions\u00a0\u00bb][vc_column_text]<\/p>\n<p style=\"text-align: center;\"><a href=\"https:\/\/sancdz.com\/jdn\/wp-content\/uploads\/sites\/2\/2020\/05\/JDN-Vol15.pdf\">JDN Vol15<\/a><\/p>\n<p style=\"text-align: center;\"><a href=\"https:\/\/sancdz.com\/jdn\/wp-content\/uploads\/sites\/2\/2020\/05\/JDN-Vol14.pdf\">JDN-Vol14<\/a><\/p>\n<p>[\/vc_column_text][\/vc_column][\/vc_row]<\/p>\n","protected":false},"excerpt":{"rendered":"<p>[vc_row][vc_column width=\u00a0\u00bb2\/3&Prime; alignment=\u00a0\u00bbjustify\u00a0\u00bb][lvca_heading style=\u00a0\u00bbstyle3&Prime; heading=\u00a0\u00bbMot du r\u00e9dacteur en chef\u00a0\u00bb][vc_column_text] D\u00e9j\u00e0 treize ann\u00e9es depuis l\u2019\u00e9dition du num\u00e9ro 00 de la revue \u00ab Journal de Neurochirurgie \u00bb, sa parution a \u00e9t\u00e9 continue deux fois par ann\u00e9es sans interruption. La p\u00e9rennit\u00e9 a \u00e9t\u00e9 possible gr\u00e2ce \u00e0 la hargne et l\u2019abn\u00e9gation du professeur Benbouzid, toute la communaut\u00e9 neurochirurgicale et &#8230; <a title=\"Accueil\" class=\"read-more\" href=\"https:\/\/sancdz.com\/jdn\/\" aria-label=\"En savoir plus sur Accueil\">Lire la suite<\/a><\/p>\n","protected":false},"author":1,"featured_media":0,"parent":0,"menu_order":0,"comment_status":"closed","ping_status":"closed","template":"","meta":{"footnotes":""},"class_list":["post-48","page","type-page","status-publish"],"_links":{"self":[{"href":"https:\/\/sancdz.com\/jdn\/wp-json\/wp\/v2\/pages\/48","targetHints":{"allow":["GET"]}}],"collection":[{"href":"https:\/\/sancdz.com\/jdn\/wp-json\/wp\/v2\/pages"}],"about":[{"href":"https:\/\/sancdz.com\/jdn\/wp-json\/wp\/v2\/types\/page"}],"author":[{"embeddable":true,"href":"https:\/\/sancdz.com\/jdn\/wp-json\/wp\/v2\/users\/1"}],"replies":[{"embeddable":true,"href":"https:\/\/sancdz.com\/jdn\/wp-json\/wp\/v2\/comments?post=48"}],"version-history":[{"count":4,"href":"https:\/\/sancdz.com\/jdn\/wp-json\/wp\/v2\/pages\/48\/revisions"}],"predecessor-version":[{"id":277,"href":"https:\/\/sancdz.com\/jdn\/wp-json\/wp\/v2\/pages\/48\/revisions\/277"}],"wp:attachment":[{"href":"https:\/\/sancdz.com\/jdn\/wp-json\/wp\/v2\/media?parent=48"}],"curies":[{"name":"wp","href":"https:\/\/api.w.org\/{rel}","templated":true}]}}